st common factor of s and 10.
10
Let m be 3*(1727/33 + -14). Calculate the greatest common factor of m and 28405.
115
Suppose 4*u + 24 = -44. Let t(a) = a**2 + 17*a + 33. Let z be t(u). Let j = 65 - z. What is the highest common divisor of 112 and j?
16
Let a be 3 - (-3 + 2)*1. Let f be 9/(-12) - 21/a. Let i(y) = y**3 + 7*y**2 + 6*y + 6. Let g be i(f). What is the greatest common divisor of g and 30?
6
Let t be 2*4/((-12)/51). Let o = -28 - t. Let l be (16/o - 1) + 4/12. What is the highest common divisor of 2 and l?
2
Let n be -2 + -1 + 18/3. Suppose 3*a = h + 16, -a = 2*h + n + 1. Let r be 1 + -3 + (-84)/h. What is the greatest common divisor of r and 95?
19
Let o(h) = 107*h - 5157. Let n be o(51). What is the highest common factor of n and 32?
4
Let v be 168/9*7*3/(-4). Let z = v + 233. Calculate the greatest common divisor of 27 and z.
27
Let x(b) be the third derivative of -5*b**4/12 + 221*b**3/6 + 33*b**2 + 6. Let s be x(19). Calculate the greatest common factor of s and 1891.
31
Let r be ((-468)/1638)/((-2)/616). Let v = 23 - -109. Calculate the highest common divisor of r and v.
44
Suppose -4*d + 127 = 263. Let i = d - -119. Let o(n) = -35*n - 1. Let z be o(-1). Calculate the highest common divisor of z and i.
17
Let k = 14512 - 4862. What is the highest common divisor of 150 and k?
50
Let a be -11*(-24)/198*(-27)/(-6). What is the greatest common factor of a and 13434?
6
Let b(f) = -3*f - 10. Let o be b(-4). Suppose -6*j = 5*l - o*j - 210, -4*l + 4*j + 204 = 0. What is the highest common factor of l and 529?
23
Let b(g) be the second derivative of 5*g**3/6 + 8*g**2 + 28*g. Let l be b(10). Suppose -2*k = -l - 12. Calculate the greatest common factor of 13 and k.
13
Suppose 3 = 4*p - 177. Let n = p + -42. Let d = n - -1. What is the greatest common divisor of d and 4?
4
Let g be ((-12)/(-14))/(12/56). Suppose 17*j + 2494 - 3140 = 0. Calculate the greatest common factor of g and j.
2
Let k be 9 - (2/(-7) - (-390)/(-105)). Suppose k*i = 37 + 249. What is the highest common divisor of i and 12?
2
Let w(k) = -8*k**2 + 570*k + 35. Let o be w(71). Calculate the highest common divisor of 531 and o.
177
Suppose 9642 = -11*y + 9972. What is the highest common factor of y and 1630?
10
Let l(t) = -3*t**2 + 57*t - 38. Let b be l(17). Let p = -314 - -318. What is the greatest common factor of p and b?
4
Suppose y + 6 - 1 = 0, -4*n - 4*y + 8 = 0. Let l be 5 - 6 - (-55 - 1). Let t = 104 - l. Calculate the greatest common divisor of n and t.
7
Suppose v + v = 14. Let d be 1 - 9650/(-14) - 2/v. Suppose 531 = 3*q + 3*f, 3*f = 4*q - 2*f - d. Calculate the highest common factor of q and 25.
25
Let c(q) = -5*q**2 - 101*q - 167. Let o be c(-18). Let u = 0 + 2. Calculate the highest common factor of u and o.
1
Let d be 2 + -5 + 6 + 0. Suppose -40 = d*y - 2*y. Let m = y - -55. What is the greatest common divisor of 165 and m?
15
Suppose 3*m = 51*q - 48*q - 489, 2*m = 5*q - 824. What is the greatest common divisor of q and 4565?
83
Suppose -11*n + 13*n - 640 = -5*x, 5*n - 3*x = 1631. Let t = n - 307. Let c be ((-486)/(-15))/((-2)/(-10)). What is the highest common divisor of t and c?
18
Let l be (-1 - -3)/(334/17535). Calculate the greatest common divisor of l and 930.
15
Let q(n) = -17*n**2. Let t be q(2). Suppose -h - 3*m - 96 = -14, 2*h - m = -178. Let z = t - h. What is the greatest common divisor of z and 30?
10
Suppose 0 = -5*p + 5*o - 8*o - 79, -19 = p - o. Let j be (p/(-2))/(4/8). What is the highest common divisor of 17 and j?
17
Suppose -4*l - 1836 = g - 7*g - 2*l, 2*l = 0. Calculate the greatest common divisor of g and 1394.
34
Let y(v) = v**3 + 13*v**2 - 12*v - 148. Let w be y(-13). What is the highest common divisor of 3832 and w?
8
Let x = 2128 - 1129. Calculate the greatest common divisor of 54 and x.
27
Let x(g) = g**3 - 4*g**2 - 2*g - 25. Let j be x(6). Suppose -6*f - 9*f = -75. Calculate the highest common divisor of j and f.
5
Suppose -5*t + 17 = -5*x + 32, -3*x = t - 13. Calculate the greatest common factor of x and 2882.
2
Let y = 5193 + -4031. Calculate the greatest common divisor of y and 14.
14
Let t(s) = s**3 - 32*s**2 + 271*s - 32. Let y be t(13). Calculate the highest common divisor of y and 1640.
40
Let l = -6398 + 9536. What is the highest common factor of l and 18?
6
Let i = 549 - 531. Let p be 165/22*i/5. What is the highest common factor of 216 and p?
27
Suppose -2*d - 5*k = -17, -3*d - 5*k - 1 = -24. What is the highest common divisor of 146 and d?
2
Let h = -143 + 150. Let q be (-36)/h*266/(-76). What is the greatest common divisor of 24 and q?
6
Suppose 0 = -8*x + 3*x + 10. Let b(h) = 3*h**3 - 2*h**2 + 2*h - 4. Let i be b(x). Let j = -405 + 429. What is the greatest common factor of i and j?
8
Let c be 6 + 529/(-69) + 442/6. Calculate the highest common factor of 5112 and c.
72
Let a(h) = -57*h - 218. Let o be a(-4). Suppose o*j = 5*j - 25, 4*v - 63 = 3*j. Suppose -5*n + 2*n + 108 = 0. Calculate the greatest common factor of v and n.
12
Suppose -793*d = -790*d + 45. Let l be 9/d - (-2556)/60. What is the greatest common divisor of l and 72?
6
Let t(i) = i**2 + i**3 + 4*i + 4 - i**3 - 10*i**3. Let a be t(-2). Calculate the greatest common factor of 10 and a.
10
Let n = -21 + 24. Let x(s) = -34*s - 14. Let v(t) = 36*t + 15. Let k(z) = -4*v(z) - 5*x(z). Let y be k(n). What is the greatest common divisor of 22 and y?
22
Suppose -55*b + 6*b + 21580 = 16*b. Calculate the highest common divisor of 83 and b.
83
Suppose -1312*d + 1365*d - 35775 = 0. Calculate the highest common divisor of d and 600.
75
Let m be ((-640)/400)/(-2*(-2)/(-1270)). Suppose 14*o - m = 1172. Calculate the highest common divisor of o and 300.
60
Let n = 41 + -13. Let y be 1 + 2 + ((-259)/(-148) - (-65)/4). What is the highest common factor of y and n?
7
Let r(v) = -76*v - 3696. Let s be r(-49). Calculate the greatest common factor of s and 52892.
28
Suppose 79 = 4*k + 5*d - 72, -5*d - 5 = 0. Let o = k - 39. Let c be o + ((-45)/36)/((-1)/48). Calculate the greatest common divisor of 30 and c.
30
Let m(u) = 5*u**3 - 6*u**2 + 4*u + 4. Let l be m(5). Let f = l + -364. What is the highest common divisor of f and 30?
15
Suppose -3*d - 38*o = -37*o - 33, -44 = -d - 4*o. Let w be 20/(-1)*(-52)/10. Calculate the greatest common divisor of d and w.
8
Let g = 38 - 247. Let h be (-38)/g + (-1866)/(-22). Let p = h - 59. Calculate the greatest common divisor of p and 130.
26
Let n(f) = -94*f + 425. Let w be n(-10). What is the highest common factor of 105 and w?
105
Suppose 5*h - 2*q = 32, 4*h - 20 = 2*q + q. Let f be 0 + 2/(-4) - 36/8. Let x(m) = -50*m - 186. Let u be x(f). Calculate the highest common divisor of h and u.
8
Let c(l) = -9*l**2 + 851*l + 392. Let q be c(95). What is the highest common divisor of 1700 and q?
4
Suppose -5*o + 844 = -7*o. Let k be 14/42 + o/6. Let m be (5 + -5 + k/3)*-3. What is the greatest common factor of 14 and m?
14
Suppose 4*b = -5*k + 334, 11*b = 16*b - k - 403. What is the highest common divisor of 99 and b?
9
Let z = -305 + 322. Let w be z/(510/1188) - (-6)/(-10). Suppose 4*h = -0*h + 104. Calculate the highest common factor of w and h.
13
Suppose 0 = a - 134 + 120. Suppose 3 = -4*t - 5*o, -3*o + 6 - 18 = -t. Calculate the greatest common divisor of a and t.
1
Suppose 9*q + 1 = 19. Suppose 4*b + 4*v - 108 = 0, q*v + 30 = 5*b - 126. Let x = 259 - 49. What is the greatest common divisor of b and x?
30
Suppose 258 = 2*w - 3*b, -425*b + 427*b + 130 = w. What is the greatest common factor of 13167 and w?
63
Let o(q) = 90*q**3 + 6*q**2 + 89*q - 315. Let z be o(3). What is the greatest common factor of z and 140?
28
Suppose 463 = 9*v - 752. Let g = -28 - -55. What is the highest common factor of v and g?
27
Suppose -163*q = -197*q + 170. Let n be 6 + 1 + -1 + 0. Suppose -5*l - 3*h = -n*l + 74, h = q*l - 328. What is the highest common factor of 26 and l?
13
Let f = -13337 + 14652. What is the highest common divisor of 7627 and f?
263
Suppose 0 = -5*z - 5, -5*z - 3986 = -3*y - 0*z. Suppose 6*j = y - 175. Calculate the greatest common divisor of 48 and j.
48
Suppose 74*y + 26894 - 2125 = 121*y. Calculate the highest common divisor of y and 51.
17
Let w be (-2 + -4)/66 - ((-2036)/(-11))/(-1). What is the greatest common divisor of w and 65?
